{"id":71250,"date":"2017-04-29T14:14:36","date_gmt":"2017-04-29T14:14:36","guid":{"rendered":"http:\/\/www.spkyangin.com\/?page_id=71250"},"modified":"2026-03-14T21:39:51","modified_gmt":"2026-03-14T21:39:51","slug":"yangin-algilama-sistemleri","status":"publish","type":"page","link":"http:\/\/spkyangin.com\/?page_id=71250","title":{"rendered":"Yang\u0131n Alg\u0131lama Sistemleri"},"content":{"rendered":"<p>[vc_row type=&#8221;container&#8221; padding_top=&#8221;&#8221; padding_bottom=&#8221;&#8221; css=&#8221;.vc_custom_1449060205291{margin-bottom: 20px !important;}&#8221;][vc_column][vc_column_text]Sistemde en basit anlam\u0131yla bir yang\u0131n paneli bulunur. Panel \u00e7e\u015fitli tip alg\u0131lama elemanlar\u0131ndan (dedekt\u00f6rler, butonlar vb.) gelen uyanlar\u0131 de\u011ferlendirip uyar\u0131 elemanlar\u0131n\u0131 (sirenler, fla\u015f\u00f6rier vb.) aktif duruma getirir. <a href=\"http:\/\/www.yanginalarmsistemlerim.com\/\">Yang\u0131n Alg\u0131lama Sistemleri<\/a> \u00e7al\u0131\u015fma prensibi bak\u0131m\u0131ndan iki ayr\u0131 b\u00f6l\u00fcmde de\u011ferlendirilir.<\/p>\n<p><strong><br \/>\n1 \u2013 Konvansiyonel Yang\u0131n Alg\u0131lama Sistemleri<\/strong><\/p>\n<p>Sistemde kullan\u0131lan alg\u0131lama paneli, alg\u0131lama elemanlar\u0131n\u0131n ba\u011fland\u0131\u011f\u0131 b\u00f6lgelerden olu\u015fmaktad\u0131r. B\u00f6lge say\u0131s\u0131 panelin kapasitesi ile ilgilidir. ( 2\u2026.64) Her b\u00f6lgeye 20 adet alg\u0131lama eleman\u0131 (dedekt\u00f6r) ba\u011flanabilir. Panel ayr\u0131ca yang\u0131n ihbar butonlan ve sirenlerin ba\u011flanaca\u011f\u0131 giri\u015f ve \u00e7\u0131k\u0131\u015flara sahiptir. Herhangi bir dedekt\u00f6r alg\u0131lama yapt\u0131\u011f\u0131nda veya yang\u0131n ihbar butonuna bas\u0131ld\u0131\u011f\u0131nda, s\u00f6z konusu alg\u0131lama eleman\u0131 panel \u00fczerinde hangi b\u00f6lgeye ait ise o b\u00f6lgeden uyan sinyali gelir. \u00d6rnek olarak : 20 dedekt\u00f6r\u00fcn ba\u011fl\u0131 oldu\u011fu bir b\u00f6lgedeki herhangi bir dedekt\u00f6r alg\u0131lama yapt\u0131\u011f\u0131nda o b\u00f6lgeden uyan gelecektir. ( Ama uyar\u0131n\u0131n hangi dedekt\u00f6rden geldi\u011fi belli olmayacakt\u0131r.)<\/p>\n<p><strong>2- Analog Adresli Yang\u0131n Alg\u0131lama Sistemleri<\/strong><\/p>\n<p>Adresli sistemlerde alg\u0131lama elemanlar\u0131n\u0131n ba\u011fland\u0131\u011f\u0131 loop (d\u00f6ng\u00fc) hatlar\u0131 mevcuttur. Loop hatt\u0131n\u0131n say\u0131s\u0131 ve kablolama mesafesi kullan\u0131lan panele ba\u011fl\u0131d\u0131r. Bir loop hatt\u0131na 128 tane adresli eleman (dedekt\u00f6r, buton) ba\u011flanabilir. Loop\u2019ta bulunan alg\u0131lama elemanlar\u0131 kendi i\u00e7erisinde b\u00f6lgelere aynlabildi\u011fi gibi her bir alg\u0131lama eleman\u0131 \u00fczerinde bar\u0131nd\u0131rd\u0131\u011f\u0131 aderesleme switch\u2019i sayesinde panel taraf\u0131ndan bireysel olarak alg\u0131lanabilir. Yani herhangi bir dedekt\u00f6r alg\u0131lama yapt\u0131\u011f\u0131nda dedekt\u00f6r\u00fcn yeri bireysel olarak panel \u00fczerinden tespit edilebilir. Konvansiyonel sistemler ve adresli sistemler uygulama yerlerine g\u00f6re se\u00e7ilip boyutland\u0131r\u0131lmaktad\u0131r. B\u00fcnyesinde az say\u0131da alg\u0131lama eleman\u0131 bar\u0131nd\u0131ran sistemler i\u00e7in konvansiyonel elemanlar yeterli olmakta ve ucuz \u00e7\u00f6z\u00fcmler sunmaktad\u0131r.[\/vc_column_text][\/vc_column][vc_column][vc_single_image image=&#8221;71342&#8243; img_size=&#8221;full&#8221; add_caption=&#8221;yes&#8221; onclick=&#8221;link_image&#8221;][\/vc_column][\/vc_row]<\/p>\n","protected":false},"excerpt":{"rendered":"<p>[vc_row type=&#8221;container&#8221; padding_top=&#8221;&#8221; padding_bottom=&#8221;&#8221; css=&#8221;.vc_custom_1449060205291{margin-bottom: 20px !important;}&#8221;][vc_column][vc_column_text]Sistemde en basit anlam\u0131yla bir yang\u0131n paneli bulunur. Panel \u00e7e\u015fitli tip alg\u0131lama elemanlar\u0131ndan (dedekt\u00f6rler, butonlar vb.) gelen uyanlar\u0131 de\u011ferlendirip uyar\u0131 elemanlar\u0131n\u0131 (sirenler, fla\u015f\u00f6rier vb.) aktif duruma getirir. Yang\u0131n Alg\u0131lama Sistemleri \u00e7al\u0131\u015fma prensibi bak\u0131m\u0131ndan iki ayr\u0131 b\u00f6l\u00fcmde de\u011ferlendirilir. 1 \u2013 Konvansiyonel Yang\u0131n Alg\u0131lama Sistemleri Sistemde kullan\u0131lan alg\u0131lama paneli, alg\u0131lama elemanlar\u0131n\u0131n ba\u011fland\u0131\u011f\u0131 b\u00f6lgelerden olu\u015fmaktad\u0131r. B\u00f6lge say\u0131s\u0131 panelin kapasitesi ile ilgilidir. ( 2\u2026.64) Her b\u00f6lgeye 20 adet alg\u0131lama eleman\u0131 (dedekt\u00f6r) ba\u011flanabilir. Panel ayr\u0131ca yang\u0131n ihbar butonlan ve sirenlerin ba\u011flanaca\u011f\u0131 giri\u015f ve \u00e7\u0131k\u0131\u015flara sahiptir. Herhangi bir dedekt\u00f6r alg\u0131lama yapt\u0131\u011f\u0131nda veya yang\u0131n ihbar butonuna bas\u0131ld\u0131\u011f\u0131nda, s\u00f6z konusu alg\u0131lama eleman\u0131 panel \u00fczerinde hangi b\u00f6lgeye ait ise o b\u00f6lgeden uyan sinyali [&hellip;]<\/p>\n","protected":false},"author":3,"featured_media":71342,"parent":73,"menu_order":5,"comment_status":"closed","ping_status":"closed","template":"","meta":{"footnotes":""},"class_list":["post-71250","page","type-page","status-publish","has-post-thumbnail","hentry"],"_links":{"self":[{"href":"http:\/\/spkyangin.com\/index.php?rest_route=\/wp\/v2\/pages\/71250","targetHints":{"allow":["GET"]}}],"collection":[{"href":"http:\/\/spkyangin.com\/index.php?rest_route=\/wp\/v2\/pages"}],"about":[{"href":"http:\/\/spkyangin.com\/index.php?rest_route=\/wp\/v2\/types\/page"}],"author":[{"embeddable":true,"href":"http:\/\/spkyangin.com\/index.php?rest_route=\/wp\/v2\/users\/3"}],"replies":[{"embeddable":true,"href":"http:\/\/spkyangin.com\/index.php?rest_route=%2Fwp%2Fv2%2Fcomments&post=71250"}],"version-history":[{"count":1,"href":"http:\/\/spkyangin.com\/index.php?rest_route=\/wp\/v2\/pages\/71250\/revisions"}],"predecessor-version":[{"id":71665,"href":"http:\/\/spkyangin.com\/index.php?rest_route=\/wp\/v2\/pages\/71250\/revisions\/71665"}],"up":[{"embeddable":true,"href":"http:\/\/spkyangin.com\/index.php?rest_route=\/wp\/v2\/pages\/73"}],"wp:featuredmedia":[{"embeddable":true,"href":"http:\/\/spkyangin.com\/index.php?rest_route=\/"}],"wp:attachment":[{"href":"http:\/\/spkyangin.com\/index.php?rest_route=%2Fwp%2Fv2%2Fmedia&parent=71250"}],"curies":[{"name":"wp","href":"https:\/\/api.w.org\/{rel}","templated":true}]}}