{"id":71,"date":"2015-10-07T17:14:28","date_gmt":"2015-10-07T17:14:28","guid":{"rendered":"http:\/\/broker.commercegurus.com\/?page_id=71"},"modified":"2020-06-09T11:07:09","modified_gmt":"2020-06-09T11:07:09","slug":"hizmletler","status":"publish","type":"page","link":"http:\/\/spkyangin.com\/?page_id=71","title":{"rendered":"H\u0130ZMETLER\u0130M\u0130Z"},"content":{"rendered":"<p>[vc_row type=&#8221;full_page_width_inner_container&#8221; padding_top=&#8221;&#8221; padding_bottom=&#8221;&#8221; css=&#8221;.vc_custom_1451763469780{padding-top: 60px !important;padding-bottom: 20px !important;}&#8221; el_class=&#8221;overflow-visible&#8221;][vc_column width=&#8221;1\/6&#8243;][\/vc_column][vc_column width=&#8221;2\/3&#8243;][vc_single_image image=&#8221;71638&#8243; img_size=&#8221;full&#8221; alignment=&#8221;center&#8221;][vc_custom_heading text=&#8221;SPK ENDUSTR\u0130YEL&#8221; font_container=&#8221;tag:p|font_size:40px|text_align:center|color:%23333333|line_height:50px&#8221; use_theme_fonts=&#8221;yes&#8221; css=&#8221;.vc_custom_1494222525028{margin-bottom: 25px !important;padding-top: 20px !important;}&#8221; el_class=&#8221;lighter-weight&#8221;][vc_column_text][\/vc_column_text][\/vc_column][vc_column width=&#8221;1\/6&#8243;][\/vc_column][\/vc_row][vc_row type=&#8221;container&#8221; padding_top=&#8221;&#8221; padding_bottom=&#8221;&#8221; css=&#8221;.vc_custom_1451764030930{margin-bottom: 30px !important;}&#8221;][vc_column width=&#8221;1\/6&#8243;][\/vc_column][vc_column width=&#8221;2\/3&#8243;][vc_single_image image=&#8221;71627&#8243; img_size=&#8221;full&#8221; alignment=&#8221;center&#8221; css=&#8221;.vc_custom_1591700861178{margin-bottom: 35px !important;}&#8221;][vc_column_text]<\/p>\n<h4 style=\"text-align: center;\"><span class=\"quote\">\u201c<\/span>Malzeme Tedariki ve Montaj S\u00fcperviz\u00f6rl\u00fc\u011f\u00fc.<span class=\"quote\">\u201d<\/span><\/h4>\n<p style=\"text-align: center;\">\u201cD\u00fcnya \u00e7ap\u0131nda en iyi firmalar ile yapt\u0131\u011f\u0131 m\u00fcmessillik anla\u015fmalar\u0131 sayesinde en kaliteli \u00fcr\u00fcnleri, stok politikas\u0131 ve h\u0131zl\u0131 tedarik sayesinde de m\u00fc\u015fterilerine en iyi malzeme tedarik hizmetini vermektedir. SPK ENDUSTR\u0130YEL sadece malzeme sat\u0131\u015f firmas\u0131 olmay\u0131p sat\u0131lan \u00fcr\u00fcnlerin montaj s\u00fcperviz\u00f6rl\u00fc\u011f\u00fcn\u00fc de yapmaktad\u0131r.<\/p>\n<p>[\/vc_column_text][\/vc_column][vc_column width=&#8221;1\/6&#8243;][\/vc_column][\/vc_row][vc_row type=&#8221;container&#8221; padding_top=&#8221;&#8221; padding_bottom=&#8221;&#8221; css=&#8221;.vc_custom_1451764030930{margin-bottom: 30px !important;}&#8221;][vc_column width=&#8221;1\/6&#8243;][\/vc_column][vc_column width=&#8221;2\/3&#8243;][vc_single_image image=&#8221;71628&#8243; img_size=&#8221;full&#8221; alignment=&#8221;center&#8221; css=&#8221;.vc_custom_1591700879492{margin-bottom: 35px !important;}&#8221;][vc_column_text]<\/p>\n<h2 style=\"font-weight: inherit; text-align: center;\">Projelendirme ve Dan\u0131\u015fmanl\u0131k<\/h2>\n<blockquote>\n<p style=\"text-align: center;\"><span style=\"font-style: inherit; font-weight: inherit;\">Uluslararas\u0131 standartlara hakim uzman m\u00fchendis kadrosu ile m\u00fc\u015fterilerine en uygun proje tasar\u0131m\u0131n\u0131 sunmak, son teknoloji \u00fcr\u00fcn ve yaz\u0131l\u0131mlar sayesinde yat\u0131r\u0131mc\u0131ya en ekonomik ve optimum tasar\u0131mlar\u0131 \u00fcretmektedir.\u00a0<\/span><\/p>\n<\/blockquote>\n<p>[\/vc_column_text][\/vc_column][vc_column width=&#8221;1\/6&#8243;][\/vc_column][\/vc_row][vc_row type=&#8221;container&#8221; padding_top=&#8221;&#8221; padding_bottom=&#8221;&#8221; css=&#8221;.vc_custom_1451764030930{margin-bottom: 30px !important;}&#8221;][vc_column width=&#8221;1\/6&#8243;][\/vc_column][vc_column width=&#8221;2\/3&#8243;][vc_single_image image=&#8221;71629&#8243; img_size=&#8221;full&#8221; alignment=&#8221;center&#8221; css=&#8221;.vc_custom_1591700886276{margin-bottom: 35px !important;}&#8221;][vc_column_text]<\/p>\n<blockquote>\n<h2 style=\"font-weight: inherit; text-align: center;\">Taahh\u00fct Hizmetler ve Devreye Alma<\/h2>\n<p style=\"text-align: center;\"><span style=\"font-style: inherit; font-weight: inherit;\">Sistemlerini uluslararas\u0131 firmalara onaylatmas\u0131 gereken firmalar i\u00e7in \u00f6zel uygulamalar gerektiren yang\u0131n s\u00f6nd\u00fcrme ve alg\u0131lama sistemlerinin anahtar teslim kurulumunu da ger\u00e7ekle\u015ftirebilmektedir.<\/span><\/p>\n<\/blockquote>\n<p>[\/vc_column_text][\/vc_column][vc_column width=&#8221;1\/6&#8243;][\/vc_column][\/vc_row][vc_row type=&#8221;container&#8221; padding_top=&#8221;&#8221; padding_bottom=&#8221;&#8221; css=&#8221;.vc_custom_1451764030930{margin-bottom: 30px !important;}&#8221;][vc_column width=&#8221;1\/6&#8243;][\/vc_column][vc_column width=&#8221;2\/3&#8243;][vc_single_image image=&#8221;71630&#8243; img_size=&#8221;full&#8221; alignment=&#8221;center&#8221; css=&#8221;.vc_custom_1591700895236{margin-bottom: 35px !important;}&#8221;][vc_column_text]<\/p>\n<blockquote>\n<h2 style=\"text-align: center;\">Sat\u0131\u015f Sonras\u0131 Servis ve Periyodik Bak\u0131m<\/h2>\n<p style=\"text-align: center;\">Yapt\u0131\u011f\u0131m\u0131z i\u015flerin arkas\u0131nda duruyor, teslimat sonras\u0131 sorular\u0131n\u0131z\u0131 yan\u0131tl\u0131yor, gerekti\u011finde m\u00fcdahale ederek ma\u011fdur olman\u0131z\u0131 \u00f6nl\u00fcyor, mutlu m\u00fc\u015fteriler yaratmak i\u00e7in, ihtiya\u00e7 duyulan d\u00fczenli kontrol ve bak\u0131m hizmetini b\u00fcnyemisine yer alan m\u00fchendis ve teknik kadrosuyla \u00a0sa\u011flamakta\u0131r..<\/p>\n<\/blockquote>\n<p>[\/vc_column_text][\/vc_column][vc_column width=&#8221;1\/6&#8243;][\/vc_column][\/vc_row]<\/p>\n","protected":false},"excerpt":{"rendered":"<p>[vc_row type=&#8221;full_page_width_inner_container&#8221; padding_top=&#8221;&#8221; padding_bottom=&#8221;&#8221; css=&#8221;.vc_custom_1451763469780{padding-top: 60px !important;padding-bottom: 20px !important;}&#8221; el_class=&#8221;overflow-visible&#8221;][vc_column width=&#8221;1\/6&#8243;][\/vc_column][vc_column width=&#8221;2\/3&#8243;][vc_single_image image=&#8221;71638&#8243; img_size=&#8221;full&#8221; alignment=&#8221;center&#8221;][vc_custom_heading text=&#8221;SPK ENDUSTR\u0130YEL&#8221; font_container=&#8221;tag:p|font_size:40px|text_align:center|color:%23333333|line_height:50px&#8221; use_theme_fonts=&#8221;yes&#8221; css=&#8221;.vc_custom_1494222525028{margin-bottom: 25px !important;padding-top: 20px !important;}&#8221; el_class=&#8221;lighter-weight&#8221;][vc_column_text][\/vc_column_text][\/vc_column][vc_column width=&#8221;1\/6&#8243;][\/vc_column][\/vc_row][vc_row type=&#8221;container&#8221; padding_top=&#8221;&#8221; padding_bottom=&#8221;&#8221; css=&#8221;.vc_custom_1451764030930{margin-bottom: 30px !important;}&#8221;][vc_column width=&#8221;1\/6&#8243;][\/vc_column][vc_column width=&#8221;2\/3&#8243;][vc_single_image image=&#8221;71627&#8243; img_size=&#8221;full&#8221; alignment=&#8221;center&#8221; css=&#8221;.vc_custom_1591700861178{margin-bottom: 35px !important;}&#8221;][vc_column_text] \u201cMalzeme Tedariki ve Montaj S\u00fcperviz\u00f6rl\u00fc\u011f\u00fc.\u201d \u201cD\u00fcnya \u00e7ap\u0131nda en iyi firmalar ile yapt\u0131\u011f\u0131 m\u00fcmessillik anla\u015fmalar\u0131 sayesinde en kaliteli \u00fcr\u00fcnleri, stok politikas\u0131 ve h\u0131zl\u0131 tedarik sayesinde de m\u00fc\u015fterilerine en iyi malzeme tedarik hizmetini vermektedir. SPK ENDUSTR\u0130YEL sadece malzeme sat\u0131\u015f firmas\u0131 olmay\u0131p sat\u0131lan \u00fcr\u00fcnlerin montaj s\u00fcperviz\u00f6rl\u00fc\u011f\u00fcn\u00fc de yapmaktad\u0131r. [\/vc_column_text][\/vc_column][vc_column width=&#8221;1\/6&#8243;][\/vc_column][\/vc_row][vc_row type=&#8221;container&#8221; padding_top=&#8221;&#8221; padding_bottom=&#8221;&#8221; css=&#8221;.vc_custom_1451764030930{margin-bottom: 30px !important;}&#8221;][vc_column width=&#8221;1\/6&#8243;][\/vc_column][vc_column width=&#8221;2\/3&#8243;][vc_single_image image=&#8221;71628&#8243; img_size=&#8221;full&#8221; alignment=&#8221;center&#8221; css=&#8221;.vc_custom_1591700879492{margin-bottom: 35px !important;}&#8221;][vc_column_text] Projelendirme ve Dan\u0131\u015fmanl\u0131k Uluslararas\u0131 standartlara hakim uzman m\u00fchendis kadrosu [&hellip;]<\/p>\n","protected":false},"author":2,"featured_media":71388,"parent":0,"menu_order":0,"comment_status":"closed","ping_status":"closed","template":"page-full-width.php","meta":{"footnotes":""},"class_list":["post-71","page","type-page","status-publish","has-post-thumbnail","hentry"],"_links":{"self":[{"href":"http:\/\/spkyangin.com\/index.php?rest_route=\/wp\/v2\/pages\/71","targetHints":{"allow":["GET"]}}],"collection":[{"href":"http:\/\/spkyangin.com\/index.php?rest_route=\/wp\/v2\/pages"}],"about":[{"href":"http:\/\/spkyangin.com\/index.php?rest_route=\/wp\/v2\/types\/page"}],"author":[{"embeddable":true,"href":"http:\/\/spkyangin.com\/index.php?rest_route=\/wp\/v2\/users\/2"}],"replies":[{"embeddable":true,"href":"http:\/\/spkyangin.com\/index.php?rest_route=%2Fwp%2Fv2%2Fcomments&post=71"}],"version-history":[{"count":2,"href":"http:\/\/spkyangin.com\/index.php?rest_route=\/wp\/v2\/pages\/71\/revisions"}],"predecessor-version":[{"id":71641,"href":"http:\/\/spkyangin.com\/index.php?rest_route=\/wp\/v2\/pages\/71\/revisions\/71641"}],"wp:featuredmedia":[{"embeddable":true,"href":"http:\/\/spkyangin.com\/index.php?rest_route=\/"}],"wp:attachment":[{"href":"http:\/\/spkyangin.com\/index.php?rest_route=%2Fwp%2Fv2%2Fmedia&parent=71"}],"curies":[{"name":"wp","href":"https:\/\/api.w.org\/{rel}","templated":true}]}}